{"id":157,"date":"2021-09-28T22:28:04","date_gmt":"2021-09-28T20:28:04","guid":{"rendered":"http:\/\/lai-wa.se\/?page_id=157"},"modified":"2025-10-25T16:11:52","modified_gmt":"2025-10-25T14:11:52","slug":"oppettider","status":"publish","type":"page","link":"http:\/\/lai-wa.se\/?page_id=157","title":{"rendered":"\u00d6ppettider"},"content":{"rendered":"<p><strong>\u00d6ppettider<\/strong><br \/>\nM\u00e5ndag\u00a0 \u00a0 \u00a0 \u00a0 \u00a0 \u00a0 \u00a0 \u00a0 \u00a0 15 &#8211; 21<br \/>\nTisdag\u00a0 \u00a0 \u00a0 \u00a0 \u00a0 \u00a0 \u00a0 \u00a0 \u00a0 \u00a0 \u00a0 15 &#8211; 21<br \/>\nOnsdag\u00a0 \u00a0 \u00a0 \u00a0 \u00a0 \u00a0 \u00a0 \u00a0 \u00a0 \u00a0St\u00e4ngt<br \/>\nTorsdag\u00a0 \u00a0 \u00a0 \u00a0 \u00a0 \u00a0 \u00a0 \u00a0 \u00a0 \u00a015 &#8211; 21<br \/>\nFredag\u00a0 \u00a0 \u00a0 \u00a0 \u00a0 \u00a0 \u00a0 15 &#8211; 21:30<br \/>\nL\u00f6rdag\u00a0 \u00a0 \u00a0 \u00a0 \u00a0 \u00a0 \u00a0 12 &#8211; 21:30<br \/>\nS\u00f6ndag\u00a0 \u00a0 \u00a0 \u00a0 \u00a0 \u00a0 \u00a0 \u00a0 \u00a0 \u00a0 \u00a012 &#8211; 21<\/p>\n<p><strong>Avvikande \u00f6ppettider<\/strong><br \/>\nSt\u00e4ngt p\u00e5 p\u00e5skafton, p\u00e5skdagen, midsommarafton, midsommardagen, julafton och juldagen<br \/>\nUnder ev. andra st\u00f6rre r\u00f6da helgdagar \u00f6ppet som s\u00f6ndag.<\/p>\n","protected":false},"excerpt":{"rendered":"<p>\u00d6ppettider M\u00e5ndag\u00a0 \u00a0 \u00a0 \u00a0 \u00a0 \u00a0 \u00a0 \u00a0 \u00a0 15 &#8211; 21 Tisdag\u00a0 \u00a0 \u00a0 \u00a0 \u00a0 \u00a0 \u00a0 \u00a0 \u00a0 \u00a0 \u00a0 15 &#8211; 21 Onsdag\u00a0 \u00a0 \u00a0 \u00a0 \u00a0 \u00a0 \u00a0 \u00a0 \u00a0 \u00a0St\u00e4ngt Torsdag\u00a0 \u00a0 \u00a0 \u00a0 \u00a0 \u00a0 \u00a0 \u00a0 \u00a0 \u00a015 &#8211; 21 Fredag\u00a0 \u00a0 \u00a0 \u00a0 \u00a0 \u00a0 &hellip; <\/p>\n<p class=\"link-more\"><a href=\"http:\/\/lai-wa.se\/?page_id=157\" class=\"more-link\">Forts\u00e4tt l\u00e4sa<span class=\"screen-reader-text\"> \u201d\u00d6ppettider\u201d<\/span><\/a><\/p>\n","protected":false},"author":1,"featured_media":0,"parent":0,"menu_order":0,"comment_status":"closed","ping_status":"closed","template":"","meta":{"footnotes":""},"class_list":["post-157","page","type-page","status-publish","hentry"],"_links":{"self":[{"href":"http:\/\/lai-wa.se\/index.php?rest_route=\/wp\/v2\/pages\/157","targetHints":{"allow":["GET"]}}],"collection":[{"href":"http:\/\/lai-wa.se\/index.php?rest_route=\/wp\/v2\/pages"}],"about":[{"href":"http:\/\/lai-wa.se\/index.php?rest_route=\/wp\/v2\/types\/page"}],"author":[{"embeddable":true,"href":"http:\/\/lai-wa.se\/index.php?rest_route=\/wp\/v2\/users\/1"}],"replies":[{"embeddable":true,"href":"http:\/\/lai-wa.se\/index.php?rest_route=%2Fwp%2Fv2%2Fcomments&post=157"}],"version-history":[{"count":4,"href":"http:\/\/lai-wa.se\/index.php?rest_route=\/wp\/v2\/pages\/157\/revisions"}],"predecessor-version":[{"id":265,"href":"http:\/\/lai-wa.se\/index.php?rest_route=\/wp\/v2\/pages\/157\/revisions\/265"}],"wp:attachment":[{"href":"http:\/\/lai-wa.se\/index.php?rest_route=%2Fwp%2Fv2%2Fmedia&parent=157"}],"curies":[{"name":"wp","href":"https:\/\/api.w.org\/{rel}","templated":true}]}}